
Calculate the greatest common divisor of 755 and 2567.
151
Calculate the greatest common divisor of 481072 and 56.
8
Calculate the greatest common divisor of 3633 and 985754.
1211
What is the highest common divisor of 9475 and 25?
25
What is the highest common divisor of 1797894 and 63?
63
What is the greatest common factor of 3713 and 316?
79
Calculate the greatest common divisor of 7977346 and 26.
26
What is the greatest common factor of 264756 and 12?
12
Calculate the greatest common factor of 1900 and 551228.
76
Calculate the highest common factor of 438450 and 50.
50
Calculate the greatest common divisor of 80 and 4585744.
16
Calculate the greatest common factor of 802218 and 372.
186
What is the highest common factor of 58 and 20097?
29
What is the highest common factor of 186557 and 266?
7
What is the greatest common divisor of 3738825 and 2900?
725
Calculate the greatest common factor of 393 and 1216990.
131
What is the greatest common divisor of 19008 and 231?
33
Calculate the greatest common divisor of 42126 and 48195.
357
Calculate the highest common factor of 816 and 17476.
68
What is the highest common divisor of 564 and 288768?
564
Calculate the greatest common divisor of 108 and 26.
2
Calculate the greatest common factor of 12096 and 448.
448
Calculate the greatest common divisor of 808 and 2661047.
101
What is the highest common divisor of 1512 and 1503?
9
Calculate the greatest common divisor of 159 and 59519.
53
Calculate the greatest common divisor of 472 and 200.
8
Calculate the highest common divisor of 83 and 154131.
83
What is the highest common factor of 221493 and 136?
17
Calculate the highest common divisor of 40797 and 675.
27
Calculate the highest common divisor of 1004 and 612.
4
Calculate the highest common factor of 2225 and 77608.
89
What is the greatest common divisor of 249198 and 246?
246
Calculate the highest common factor of 74 and 2736742.
74
What is the greatest common divisor of 19040 and 25?
5
What is the highest common factor of 3165 and 3690?
15
Calculate the greatest common divisor of 136259 and 979.
89
What is the highest common factor of 714 and 564298?
238
Calculate the highest common factor of 78 and 651318.
6
What is the greatest common factor of 79050 and 1860?
930
Calculate the greatest common factor of 4024 and 176.
8
Calculate the greatest common factor of 40 and 5583.
1
Calculate the greatest common factor of 38 and 1085489.
19
What is the greatest common factor of 228 and 32?
4
What is the highest common factor of 90 and 333810?
90
What is the highest common divisor of 421072 and 48?
16
What is the greatest common factor of 16002 and 294?
42
What is the greatest common factor of 189 and 1239?
21
What is the highest common divisor of 64902 and 1218?
174
Calculate the greatest common factor of 5880077 and 4354.
2177
Calculate the highest common divisor of 438 and 9294.
6
Calculate the highest common factor of 1067 and 1463.
11
What is the highest common divisor of 4248 and 70332?
12
Calculate the greatest common factor of 26 and 195273.
13
What is the highest common divisor of 66581 and 479?
479
Calculate the greatest common divisor of 78480 and 53280.
720
Calculate the highest common divisor of 70 and 15970.
10
What is the highest common divisor of 8125235 and 4335?
1445
What is the greatest common factor of 274067 and 15977?
1229
Calculate the highest common factor of 232 and 249661.
29
Calculate the highest common divisor of 2023 and 10472.
119
Calculate the greatest common factor of 3899 and 265689.
557
What is the greatest common divisor of 7224 and 18333?
21
Calculate the highest common factor of 52 and 58172.
4
What is the highest common factor of 3232047 and 21?
21
What is the greatest common divisor of 64 and 4264864?
32
What is the greatest common divisor of 1 and 7406?
1
Calculate the highest common divisor of 29141 and 7.
7
Calculate the greatest common factor of 10849 and 608.
19
What is the highest common factor of 65038 and 496?
62
Calculate the greatest common divisor of 1060215 and 78.
39
What is the highest common divisor of 336 and 194516?
28
What is the greatest common divisor of 234 and 652950?
18
Calculate the highest common divisor of 1016 and 52959.
127
Calculate the greatest common factor of 25031 and 18.
1
Calculate the highest common divisor of 77 and 112798.
7
What is the highest common factor of 56704 and 328?
8
What is the highest common divisor of 45952 and 232?
8
What is the greatest common factor of 38173 and 59?
59
Calculate the highest common factor of 1024 and 4304.
16
Calculate the greatest common factor of 19377 and 36.
9
What is the greatest common divisor of 3160 and 7520?
40
Calculate the highest common divisor of 5130 and 16815.
285
Calculate the greatest common divisor of 228 and 110181.
57
What is the greatest common divisor of 106164 and 45?
9
Calculate the greatest common divisor of 24 and 92712.
24
Calculate the greatest common divisor of 5657 and 31.
1
Calculate the highest common divisor of 10101 and 121693.
481
What is the highest common divisor of 5625 and 56040?
15
Calculate the greatest common factor of 130 and 3062410.
130
Calculate the greatest common divisor of 49594 and 8326.
362
Calculate the highest common divisor of 3084 and 72.
12
What is the highest common factor of 22969 and 927?
103
Calculate the greatest common divisor of 224557 and 41.
41
What is the greatest common factor of 234 and 5252?
26
Calculate the greatest common factor of 126 and 29722.
14
Calculate the greatest common divisor of 2289 and 35.
7
What is the highest common divisor of 1888 and 4602?
118
What is the highest common divisor of 84 and 454888?
28
Calculate the highest common factor of 870 and 470.
10
Calculate the greatest common divisor of 23184 and 231.
21
What is the greatest common divisor of 4890 and 43590?
30
What is the highest common divisor of 4318 and 15776?
34
Calculate the greatest common divisor of 256 and 16952.
8
What is the highest common factor of 5175 and 1275?
75
Calculate the highest common divisor of 59572 and 19080.
212
What is the greatest common divisor of 272 and 320?
16
Calculate the highest common divisor of 266506 and 2.
2
What is the greatest common divisor of 535812 and 24?
12
What is the greatest common divisor of 476216 and 19?
19
Calculate the greatest common factor of 229467 and 49.
49
Calculate the greatest common divisor of 1625826 and 372.
186
What is the greatest common divisor of 220029 and 2201?
71
What is the greatest common factor of 50 and 367390?
10
What is the highest common divisor of 13200 and 1936?
176
What is the highest common divisor of 340382 and 4592?
574
What is the highest common divisor of 196 and 1622796?
28
What is the greatest common divisor of 13230 and 12915?
315
Calculate the greatest common factor of 47686 and 11978.
226
Calculate the highest common divisor of 38 and 738074.
38
What is the highest common factor of 245 and 15239?
49
What is the highest common divisor of 611675 and 19350?
1075
Calculate the greatest common factor of 637 and 66339.
91
What is the greatest common factor of 3150 and 1700650?
350
What is the highest common factor of 47996 and 1278?
142
What is the highest common divisor of 4720 and 1600?
80
Calculate the greatest common factor of 20070 and 1090.
10
Calculate the highest common divisor of 24099 and 119664.
831
Calculate the highest common divisor of 544320 and 504.
504
What is the highest common factor of 4840 and 5460?
20
Calculate the highest common divisor of 1296 and 636.
12
What is the greatest common factor of 48720 and 1575?
105
Calculate the greatest common divisor of 10 and 2265350.
10
What is the greatest common divisor of 165 and 14465?
55
Calculate the greatest common factor of 13 and 2010697.
13
Calculate the highest common factor of 7920 and 52560.
720
What is the greatest common divisor of 360 and 290040?
120
What is the greatest common divisor of 27993 and 59241?
651
What is the highest common divisor of 29125 and 625?
125
Calculate the highest common factor of 2479 and 185.
37
What is the greatest common divisor of 1621360 and 320?
80
Calculate the highest common divisor of 14769 and 54.
27
Calculate the highest common divisor of 1 and 193625.
1
C